he ten thousands digit of 2747820773?
2
What is the units digit of 3914901170?
0
What is the units digit of 307156761?
1
What is the hundred millions digit of 115750897?
1
What is the ten thousands digit of 284792028?
9
What is the millions digit of 344139265?
4
What is the thousands digit of 230982206?
2
What is the millions digit of 1655721363?
5
What is the ten millions digit of 209368314?
0
What is the millions digit of 3246165976?
6
What is the units digit of 140828160?
0
What is the hundred thousands digit of 345212927?
2
What is the hundreds digit of 93942724?
7
What is the thousands digit of 86988506?
8
What is the units digit of 43404298?
8
What is the billions digit of 3349676587?
3
What is the ten millions digit of 1381687662?
8
What is the ten thousands digit of 88865706?
6
What is the ten thousands digit of 1941814195?
1
What is the millions digit of 43353187?
3
What is the hundred thousands digit of 3814392893?
3
What is the thousands digit of 142762683?
2
What is the tens digit of 17178739?
3
What is the ten thousands digit of 804855093?
5
What is the ten millions digit of 3663648631?
6
What is the hundreds digit of 8165435465?
4
What is the thousands digit of 202294858?
4
What is the thousands digit of 473599480?
9
What is the hundred thousands digit of 141691616?
6
What is the ten millions digit of 566233046?
6
What is the hundred millions digit of 574446242?
5
What is the thousands digit of 16522335?
2
What is the ten thousands digit of 34193297?
9
What is the thousands digit of 1835634979?
4
What is the millions digit of 68687401?
8
What is the ten millions digit of 612090590?
1
What is the ten millions digit of 2283779887?
8
What is the hundred thousands digit of 42476378?
4
What is the ten millions digit of 151104051?
5
What is the ten thousands digit of 161965173?
6
What is the tens digit of 172048922?
2
What is the ten millions digit of 1987900597?
8
What is the thousands digit of 5766211?
6
What is the ten thousands digit of 7627843450?
4
What is the hundred thousands digit of 334007925?
0
What is the hundreds digit of 672276247?
2
What is the tens digit of 3325033258?
5
What is the hundred thousands digit of 7854673011?
6
What is the millions digit of 59040795?
9
What is the ten millions digit of 18136309?
1
What is the millions digit of 1958346128?
8
What is the ten millions digit of 3397617757?
9
What is the ten millions digit of 553796187?
5
What is the tens digit of 27633036?
3
What is the tens digit of 40459087?
8
What is the ten thousands digit of 3908630294?
3
What is the units digit of 42633730?
0
What is the millions digit of 417319988?
7
What is the tens digit of 19863011?
1
What is the ten millions digit of 468959926?
6
What is the ten millions digit of 288938769?
8
What is the units digit of 622050702?
2
What is the units digit of 48389121?
1
What is the units digit of 102686608?
8
What is the millions digit of 196580839?
6
What is the millions digit of 388516705?
8
What is the tens digit of 4311638503?
0
What is the ten millions digit of 75744347?
7
What is the thousands digit of 48631308?
1
What is the ten millions digit of 3786693542?
8
What is the hundred millions digit of 105755487?
1
What is the ten millions digit of 32937577?
3
What is the thousands digit of 1796455941?
5
What is the hundred thousands digit of 352970953?
9
What is the units digit of 371180747?
7
What is the millions digit of 2978108369?
8
What is the ten millions digit of 4331441369?
3
What is the hundreds digit of 34526921?
9
What is the thousands digit of 208248748?
8
What is the units digit of 305591952?
2
What is the hundred thousands digit of 270068995?
0
What is the tens digit of 833144916?
1
What is the ten millions digit of 3572126054?
7
What is the hundred thousands digit of 1488472714?
4
What is the ten thousands digit of 2836776488?
7
What is the millions digit of 1789513210?
9
What is the hundreds digit of 830880845?
8
What is the hundreds digit of 16988319?
3
What is the ten millions digit of 82357932?
8
What is the hundreds digit of 163932410?
4
What is the ten millions digit of 562042833?
6
What is the millions digit of 83632223?
3
What is the units digit of 42371514?
4
What is the hundred millions digit of 1149224152?
1
What is the hundreds digit of 1101272771?
7
What is the hundred thousands digit of 330186125?
1
What is the ten thousands digit of 42227376?
2
What is the ten thousands digit of 236225958?
2
What is the hundreds digit of 765531190?
1
What is the hundred millions digit of 138742470?
1
What is the thousands digit of 4585355872?
5
What is the tens digit of 171676501?
0
What is the hundred millions digit of 967917045?
9
What is the ten thousands digit of 509987?
0
What is the hundred thousands digit of 2649445798?
4
What is the tens digit of 178815140?
4
What is the millions digit of 28362333?
8
What is the millions digit of 4710959965?
0
What is the hundred thousands digit of 403574545?
5
What is the ten millions digit of 24086979?
2
What is the thousands digit of 38719863?
9
What is the ten thousands digit of 497242991?
4
What is the millions digit of 46273936?
6
What is the hundred millions digit of 238902705?
2
What is the hundred thousands digit of 1697301779?
3
What is the ten millions digit of 230979081?
3
What is the ten millions digit of 7009513597?
0
What is the units digit of 2961953?
3
What is the millions digit of 870834625?
0
What is the millions digit of 662267927?
2
What is the millions digit of 62103082?
2
What is the ten millions digit of 490121331?
9
What is the hundreds digit of 75179996?
9
What is the tens digit of 1945013477?
7
What is the ten millions digit of 4475613513?
7
What is the units digit of 36480288?
8
What is the billions digit of 5376971494?
5
What is the units digit of 142561327?
7
What is the ten millions digit of 10891858?
1
What is the millions digit of 86858765?
6
What is the hundreds digit of 60458800?
8
What is the billions digit of 1413655948?
1
What is the hundred thousands digit of 30304497?
3
What is the ten millions digit of 140735496?
4
What is the hundred thousands digit of 207554337?
5
What is the thousands digit of 187171204?
1
What is the tens digit of 74531778?
7
What is the ten millions digit of 4805584881?
0
What is the hundred thousands digit of 65784123?
7
What is the tens digit of 2094163245?
4
What is the units digit of 104810418?
8
What is the ten millions digit of 62158895?
6
What is the hundred millions digit of 1634571285?
6
What is the ten thousands digit of 427453212?
5
What is the hundred millions digit of 887778603?
8
What is the billions digit of 6187363723?
6
What is the units digit of 2805230043?
3
What is the ten millions digit of 304344730?
0
What is the hundreds digit of 1129185362?
3
What is the tens digit of 757471423?
2
What is the hundreds digit of 347746154?
1
What is the units digit of 1103581829?
9
What is the units digit of 66958946?
6
What is the units digit of 76988747?
7
What is the tens digit of 38076447?
4
What is the tens digit of 53133989?
8
What is the ten thousands digit of 1348891649?
9
What is the thousands digit of 58676629?
6
What is the hundred millions digit of 953779698?
9
What is the ten millions digit of 648929081?
4
What is the tens digit of 178592176?
7
What is the thousands digit of 50200157?
0
What is the hundred thousands digit of 80624748?
6
What is the millions digit of 4017216221?
7
What is the hundreds digit of 51436896?
8
What is the ten thousands digit of 129894862?
9
What is the tens digit of 935899288?
8
What is the units digit of 3918664617?
7
What is the ten millions digit of 19135315?
1
What is the hundred thousands digit of 2536306037?
3
What is the ten thousands digit of 383062384?
6
What is the tens digit of 2020240595?
9
What is the units digit of 8352655699?
9
What is the thousands digit of 153806308?
6
What is the ten millions digit of 310380843?
1
What is the tens digit of 27461608?
0
What is the thousands digit of 263948049?
8
What is the millions digit of 287633830?
7
What is the ten thousands digit of 2192287892?
8
What is the ten thousands digit of 13035845?
3
What is the thousands digit of 37687986?
7
What is the tens digit of 793642054?
5
What is the units digit of 68642744?
